-63
Suppose -4*x = 2*x + 21*x + 297. Let r(p) = 3*p + 41. Determine r(x).
8
Let p(b) = -2*b + 9. Let c = 52 - 88. Let a = c + 38. Let s(r) = 4*r - 17. Let j(x) = a*s(x) + 5*p(x). Calculate j(8).
-5
Let r(n) = 2*n. Let b(c) = 12*c - 2. Suppose -3*q = 3*v - 15, 6*q - 21 = 2*q - 5*v. Let i(p) = q*r(p) - b(p). Calculate i(-2).
10
Let m(y) = -21*y + 0*y + 19 + 8*y + 32*y**2 - 31*y**2. Give m(0).
19
Suppose -2 = -2*g, 5*h + 28 = -g + 4. Let l(w) = 3*w - 5. Let c(j) = 4*j - 8. Let v(n) = h*l(n) + 4*c(n). Give v(5).
-2
Let l = -29 - -37. Suppose 2*d - 2*s - 4 = -2, -4*d + 3*s = -l. Let g(r) = r**2 + 5. What is g(d)?
30
Let d(i) = 11 + 771*i - 392*i + 9 - 381*i. What is d(-10)?
40
Suppose 36*m - 1038 = -12846. Let x = m + 334. Let g(b) = -2*b**2 + 9*b - 4. Calculate g(x).
-22
Let p(y) = y**3 - 5*y**2 + 2*y - 2. Let k(w) be the first derivative of w**4/4 + 5*w**3/3 - 13*w**2/2 + 9*w - 16. Let u be k(-7). Give p(u).
-10
Suppose -14*z - 13*z = -3 - 51. Suppose -h - 60 = -6*h + 2*a, a + 5 = 0. Suppose h = -0*o + z*o. Let k(x) = x**2 - 7*x - 2. What is k(o)?
-12
Let b(d) = d**2 - 4*d + 2. Let o(w) = -w**2 + 5*w - 3. Let j(t) = 6*b(t) + 5*o(t). Suppose -3*y - 20 = -4*y. Suppose -5*a = -0*a + y. Calculate j(a).
9
Let n be 8/4 - (1 + 1). Let f(w) be the second derivative of w**5/20 + w**4/12 + w**3/6 - 9*w**2 - 1368*w. Determine f(n).
-18
Suppose 0 = 3*y + 2*q + 11, 4*y = -4*q + 9 - 29. Let x(n) = -3*n**2 - 5. Let h(m) = -m**2 - 2. Let r(k) = y*h(k) + x(k). Give r(-2).
-11
Let l(n) = 161*n - 26*n - 37*n - 72*n - 31*n - 4. Suppose 5*c + 12 = 2*c. Calculate l(c).
16
Let u = 352 - 351. Let m be u*6/3 - (0 - -3). Let w(t) = 6*t**2 - 3*t - 2. Give w(m).
7
Let k(m) be the third derivative of m**5/10 - 3*m**4/4 + m**3/2 + 2*m**2 - 281*m. Calculate k(4).
27
Let b(o) be the third derivative of 13*o**4/24 - 46*o**3/3 - 97*o**2. Let z be b(8). Let i(r) = r - 2. Calculate i(z).
10
Let x(d) = -4*d**2 - 48*d + 10. Let y(f) = -3*f**2 - 34*f + 7. Let u(l) = -5*x(l) + 7*y(l). Suppose 4*j - 2 - 2 = 0. Determine u(j).
0
Let g(w) = 15*w**2 + 135*w + 12. Let o be 8 - (-11 + 96)/5. Give g(o).
12
Let s = 5 - 3. Let g(o) be the first derivative of -7*o**5/60 + o**4/24 - 77*o**3 + 81. Let l(m) be the third derivative of g(m). What is l(s)?
-27
Suppose -2*y + 5*m = -1550 + 331, 2*y + 4*m = 1246. Let z(q) = 0*q**2 - 16 - 641*q + y*q - q**2 + 0*q**2. Determine z(-23).
7
Suppose s - 4*s - i + 8 = 0, -2*s - 3*i + 10 = 0. Let g(r) = 269359*r + 0 + 1 - 269360*r + 1. Give g(s).
0
Let y = -1 + 2. Let w = -1340 - -1353. Let g be (-4 - w/(-3))*-3*y. Let j(x) = 6*x**2 + x. What is j(g)?
5
Let g(w) = 20 - 1 - 2*w - 3*w + 4*w. Let n = -432 - -585. Let q = n + -141. Determine g(q).
7
Suppose -74*b + 102 = -57*b. Let a(j) = 27*j**2 + 35*j**2 - 2*j - b - 63*j**2. Give a(-4).
-14
Let i(m) = -m**2 - 2*m + 3. Let l be (-1)/((-6)/(-39) + 276/(-780)). Let v be 0/(-3)*(5 + -9 + l). Calculate i(v).
3
Let o(f) = f**3 + 9*f**2 + 8*f - 1. Suppose -2*i + q - 23 = 0, -i + 86*q + 13 = 89*q. What is o(i)?
-1
Suppose 2*y - 7*y = -20. Let d be -3*(-1 - 22/(-12)*-2). Let o(g) = -4*g**2 + d*g**2 - 9*g**2 + 0*g**2. Give o(y).
16
Let d(j) = -5*j**3 - j**2 + j - 2. Let u = 3871 + -3870. What is d(u)?
-7
Let i(o) be the first derivative of -12 - 1/2*o**2 + 2/3*o**3 + 11*o. Let h(u) be the first derivative of i(u). Calculate h(-3).
-13
Let g(j) be the third derivative of -j**5/60 + j**3/6 - 398*j**2 - 2. Let l(r) = r**2 - 8*r - 6. Let t be l(9). Give g(t).
-8
Let x(t) = -t - 35. Let v(l) = -28*l**2 + 502*l - 3. Let g be v(18). What is x(g)?
4
Let a(o) = -o**3 - o**2 - o + 3. Suppose -68 = 24*f - 7*f. Determine a(f).
55
Let z(j) = 2*j**2 + 4*j - 24. Let x be z(-6). Suppose 0 = 3*n - 5*w + x, -7*w - 12 = 3*n - 8*w. Let l(f) = f**3 + 5*f**2 + 2*f - 4. What is l(n)?
8
Let q(v) = 61*v + 4 + 3 - 62*v. Suppose 5*u - 304 = -279. Give q(u).
2
Let r(y) = -15*y - 39. Let w(q) = 4*q + 8. Let o(c) = -r(c) - 4*w(c). Give o(-2).
9
Let z be 3/((-45)/84)*(-385)/7. Suppose 0*f + 2*f - 4*l = z, 0 = -2*f + 5*l + 312. Suppose -16*j = -f - 62. Let b(u) = u - 11. Determine b(j).
2
Suppose 7*o - 180 = -40. Suppose o*y - 84 = -4. Let s(n) = 3*n - 4. What is s(y)?
8
Let s(c) = 14 + 2*c**2 - c**3 + 5*c + 3*c**3 - 12 - 3*c**3. Suppose -5*d = -3*p + 8, 3 = -4*d - 1. Let r be p + 3 + -3 + 3. What is s(r)?
-10
Suppose 2*m - 18 = -5*n, 4*n - 28 = 2*m - 7*m. Let d = -153 - -159. Let h(p) = -1 - 4*p - 3 + d. Give h(n).
-6
Let x be (-102)/(-2) + (1 - 5). Suppose -43*b + x*b - 4 = 0. Let d(n) = -17*n + 13*n + 9*n. Give d(b).
5
Let a(f) = -f**3 + 6*f**2 + 5*f - 9. Let d be (1941/15 + 1)/((-22)/55). Let k = d - -332. Determine a(k).
21
Let s(l) = -4*l**3 - 2*l**2 - 28. Let u(b) = -7*b**3 - 5*b**2 - 2*b - 56. Let c(f) = -9*s(f) + 5*u(f). Determine c(9).
44
Let a(s) be the first derivative of s**4/2 - 18*s**3 + 7*s**2/2 - 193*s - 9790. Give a(27).
-4
Let q = 6 + -4. Let p(m) = -2*m**2 - 7 + m + 7*m + m**q. Suppose 2898*n - 2943*n + 204 = -66. Determine p(n).
5
Suppose 4*b = 4*h + 8, h - 3*b = -6*b + 6. Let a(t) = -t**3 - 25*t**2 + 11*t + 5. Let j(c) = -4*c**2 + 2*c + 1. Let z(o) = a(o) - 6*j(o). Calculate z(h).
-1
Let m(t) = t**2 + 3*t - 3. Let y(h) = 3*h**2 + 27*h + 21. Suppose -2*a = 3*c + 34, 3 = -4*c - a - 34. Let v be y(c). Give m(v).
-3
Let k(h) = -h + 3. Let w = 4864 + -4873. Calculate k(w).
12
Let l(k) = -k**2 - k. Let m(c) = 2*c**2 + 18*c - 21. Let v(y) = 3*l(y) + m(y). Let a be v(13). Let d(t) = -3*t + 12. Calculate d(a).
-3
Let m(b) = -24*b + 42. Let l be m(-5). Let a = -165 + l. Let w(k) = k + 4. Calculate w(a).
1
Let u = 3 + -6. Let x(c) = c**3 + 2*c**2 - c + 1. Let m be x(u). Let l(r) = -28096*r**3 + 45 + 5*r**2 - 39 + 3*r + 28097*r**3. What is l(m)?
-9
Let w(t) = 24*t**2 + 25*t - 3. Let x(f) = 49*f**2 + 54*f - 7. Let q(a) = -13*w(a) + 6*x(a). What is q(2)?
-77
Let l = 72 + -51. Let b(f) = -f**2 + 19*f + 51. Let i be b(l). Let n(s) = -s**2 + 11*s - 11. Calculate n(i).
7
Let t(d) = 3 - d**2 - 2 + 0. Let o(q) = 4*q**2 + 7*q - 13. Let b(y) = o(y) + 5*t(y). Suppose 17*g - 4*g = 78. Calculate b(g).
-2
Let m(v) = -2*v + 3. Let p(r) = -32*r + 190. Let c(f) = -4*m(f) + p(f). Determine c(8).
-14
Let m(l) = -l + 16. Suppose -3*u - 9 = 0, 9 - 6 = -2*f + u. Let r(x) = -5*x**2 - 19*x + 2. Let v be r(f). Calculate m(v).
2
Suppose 0 = -5*l + 12 - 42. Let z(k) = -11*k + 11*k + 1 + 2*k + 0*k + 5*k - 3*k. Give z(l).
-23
Let s(v) = 2*v - v**3 + 8*v - 6*v - 5 - 2 + 0*v**2 - 4*v**2. Calculate s(-5).
-2
Let h(v) = -3*v - 9. Let q(k) = 16 + 0*k**2 + 292*k - 316*k - 2*k**2 - k**2. Let m be q(-9). What is h(m)?
24
Let n(h) = 2*h**2 - h - 32. Suppose -29 + 114 = 17*w. What is n(w)?
13
Suppose -g + 11 = -0*g - c, -c = -3*g + 23. Suppose -4*o - 6 = -54. Let x(t) = 6*t + 9*t - o*t - 6. What is x(g)?
12
Let v(s) be the third derivative of -1/720*s**6 + 0 + 1/15*s**5 + 3/8*s**4 + 0*s - 3*s**2 + 0*s**3. Let y(d) be the second derivative of v(d). Give y(6).
2
Let x(u) be the second derivative of -3*u**5/20 - u**4/2 + 5*u**3/3 - 5*u**2/2 - 2910*u. Calculate x(1).
-4
Suppose -j = 4*t + 15, 5*j - 230 + 179 = t. Let q(s) = -2*s + 8 - 6 + 9. Determine q(j).
-7
Let f(h) be the second derivative of -h**4/12 + 23*h**3/6 - 69*h**2 + 2*h + 10. Give f(11).
-6
Let w(d) = 3*d**2 + 4 - 14*d + 21*d - d**2 - d**2 + 0*d**2. Calculate w(-10).
34
Let l(s) = 5*s**2 + 7*s - 7. Suppose -322 = 46*v - 138. Calculate l(v).
45
Let i(r) be the third derivative of -r**5/60 - r**4/3 + 5*r**3/3 - 2*r**2 - 33*r. What is i(-9)?
1
Suppose -17*o + 130 = 3*o - 7*o. Let l(b) = 4*b - 42. Calculate l(o).
-2
Let a(q) be the first derivative of -2*q**3/3 - q**2/2 + q - 14. Let f be (-34)/(-187) + (-524)/(-22). Let g be (f/(-16))/(1/2). Calculate a(g).
-14
Let s(h) = -393 + 728 - 361 + 4*h. Give s(14).
30
Let h(o) = -345 + 791080*o - 74 - 1582196*o + 791087*o. What is h(-15)?
16
Let n(f) = 2*f**2 - 37*f + 4. Let y(o) = 3*o**2 - 45*o + 4. Let d(b) = 5*n(b) - 4*y(b). Determine d(-4).
-8
Let m(s) = -s + 4. Let g = 16633 + -16622. Give m(g).
-7
Let b = -76 - -79. Suppose -b*n + 1 = 25. Let i(h) = -h**3 - 7*h**2 + 10*h + 12. Calculate i(n).
-4
Let p(v) be the first derivative of 7/3*v**3 - 1/4*v**4 - 5*v - 50 - 3/2*v**2. Calculate p(6).
13
Let p(y) = -y**2 - 10*y - 14. Let s be p(-2). Suppose s*f = 26 - 46. Let c(j) = -j 